2*h - 5*m + m = -954, w*h = 3*m + 2346. Is h prime?
False
Suppose 4*n + 4*p - 118536 = 0, 4*n - 5*p + p = 118496. Is n composite?
False
Is (-30069)/(-45) - (2 - 8/10) composite?
True
Let k = 9857 - 3934. Is k a prime number?
True
Suppose 0 = -4*b + 3*q + 76430, b + 0*b + 4*q - 19117 = 0. Is b prime?
False
Suppose 420*b = 423*b + 2*s - 1114937, s + 1486612 = 4*b. Is b composite?
True
Let q(u) = -u**3 + 8*u**2 - 6*u + 2. Let m be q(7). Suppose m*w + w = 40. Suppose 4*k = -4, -j - 1792 = -w*j - 5*k. Is j prime?
True
Let t = 1349 + 5379. Let c = t - 661. Is c a composite number?
False
Let h = -1441 - -4518. Let w = h + -1714. Is w composite?
True
Let r = -227 - 255. Let s = 1113 + r. Is s a prime number?
True
Let f(y) be the third derivative of 63*y**5/10 - 7*y**4/24 + 7*y**3 - y**2 - 164*y. Is f(-5) prime?
False
Suppose 604*f = 574*f + 361830. Is f prime?
False
Suppose -3*p + 5*g = 21, -4*p + 7*g - 8*g = 5. Is 7314/4 + -3 - (-5)/p prime?
True
Let n(b) = 2*b**3 - 3*b**2 - 5*b + 4. Let a be n(3). Let p = -54 + a. Is (7 + 0)/((-2)/p) a composite number?
True
Suppose -190 = -9*m + 53. Let f(h) = 4*h**2 + 16*h + 107. Is f(m) a prime number?
False
Let c = 5889 - -24016. Is c a prime number?
False
Let x be (4 + (-10)/3)*6 - 5. Is (-9488 + x)*(56/12 - 5) composite?
False
Let i be (-3 + 9)*(14/(-6) - -3). Let r(g) = i*g + 1527*g**2 - 1525*g**2 - 3*g + 4. Is r(-10) a prime number?
False
Let y(w) = 1215*w**2 - 5*w - 5. Let n be y(3). Suppose 29*z = 34*z + 4*b - n, z + b = 2184. Is z a composite number?
False
Let u = -1736 + 2858. Let s = -281 + u. Is s a composite number?
True
Let v(h) = -4*h - 27. Let o be v(-5). Is (311 - 0)/((-5)/(o - 3)) a prime number?
False
Let t(b) = 2*b**3 - 11*b**2 + 5*b + 6. Let k be t(5). Suppose 5*n + 3551 = k*n. Is n a prime number?
False
Suppose -5*s - 4*l = -1221, -5*s + 803 = -5*l - 427. Suppose 5*r = 35, -5*p - 4*r - 552 = -1450. Let o = s + p. Is o prime?
True
Let c = -4536 + 28766. Let l = -16659 + c. Is l prime?
False
Is 56/644 - 294375/(-23) a prime number?
True
Let y = -105 + 116. Let i(d) = 15*d**3 - 11*d**2 + 19*d + 56. Is i(y) a composite number?
False
Let t(o) be the second derivative of 263*o**4/12 - 5*o**3/6 + 13*o**2/2 - 2*o - 19. Is t(2) a prime number?
False
Let u(c) = -348 + 120 + 13597*c + 124 + 140. Is u(1) a composite number?
False
Let v = 24166 - 8355. Is v a prime number?
False
Let u(h) = 57*h**2 + 6*h + 8. Suppose 10*p + 60 = -2*p. Is u(p) a prime number?
False
Let h(s) = s**2 - 14*s + 5. Let w(v) = -v**2 + 5*v + 7. Let n be w(3). Let x be h(n). Is (-46)/(x/116 - 0) composite?
True
Let a(j) = -7*j + 122. Let g be a(15). Suppose -1107107 = -g*s - 214590. Is s a prime number?
True
Let x(w) = -w**3 - 10*w**2 + 23*w - 8. Let i be x(-12). Suppose -28*d = -30*d + i. Suppose 4*k - d*o = 19444, -k + 14583 = 2*k - 4*o. Is k a composite number?
False
Let g = 93667 + -57746. Is g composite?
True
Let v = -4890 + 7790. Let s = v + -1354. Is s a composite number?
True
Is 3/3*3 + (-71 - -18267) a composite number?
False
Let r(m) = -m**2 - 13*m + 40. Let l be r(-15). Is (296 - -11)*(l/2 - -2) a prime number?
False
Suppose -5*f + 58714 = -2*v, -32474 = -3*f - 2*v + 2748. Let z = f - 6905. Is z composite?
True
Suppose -m - 53*w + 38768 = -48*w, -116358 = -3*m + 3*w. Is m composite?
False
Let s(w) = w**3 + 10*w**2 + 10*w + 5. Let d be s(-9). Let q be (-7)/d + (-13)/(-52). Let y(z) = 33*z**3 - z**2 + 4*z + 1. Is y(q) a composite number?
False
Suppose -3*g - 1158 = 2*h - g, 8 = 4*g. Is h*(-12)/(-36)*3/(-1) a composite number?
True
Suppose q = -5*o + 28860, -o + 66*q - 71*q + 5748 = 0. Is o a composite number?
True
Let r(x) = -797*x**3 + 6*x**2 + 3*x + 1. Let s = 23 - 25. Is r(s) a composite number?
True
Let y = 352239 + 8510. Is y a composite number?
False
Let b = 17790 + 20309. Suppose -18*g + 40939 = -b. Is g a prime number?
True
Suppose 15*k - 10*k = -m + 35877, 0 = -k + 2*m + 7182. Suppose 0 = 15*x - 34881 + k. Is x a composite number?
False
Suppose l = -2*j + 1005719, 0 = 3*l + 3*j + 724757 - 3741932. Is l a prime number?
False
Let k(t) = 13*t**3 + 17*t**2 - 9*t - 17. Let x be k(5). Suppose x = -z + 5*z. Is z a composite number?
True
Suppose 20760 = 6*p - 13254. Is p a composite number?
False
Let v = -58275 - -99566. Is v prime?
False
Let w(x) = 4*x - 12. Let t be w(2). Is (-4)/(-8)*t - -3013 a composite number?
False
Let g = 2306 - -531. Is g composite?
False
Suppose -t + 26822 = 5*n, 4*t + 0*t + 4*n - 107288 = 0. Suppose -243267 = -23*b + t. Is b prime?
True
Let o(i) = 467*i + 31. Let z(x) = -14*x - 4. Let y be z(-1). Let b be o(y). Suppose -b - 265 = -2*a. Is a prime?
False
Let u = 6888 + 85073. Is u composite?
False
Let d(q) = -23058*q + 1703. Is d(-47) a composite number?
False
Suppose -15*l + 20*l = 20. Suppose -12791 = -3*p - 2*q, -21345 = l*p - 9*p + 2*q. Is p a prime number?
False
Let a(b) = 5*b**2 - b - 5. Let g be a(-3). Let z = g - 42. Is ((-10)/(-4) - z)/((-27)/(-5454)) a composite number?
True
Let i be (12 - 14) + -4*1. Suppose -p + x = -6, x = 5*x + 8. Is ((-2)/i)/(p/1428) composite?
True
Let w(v) be the third derivative of -v**5/60 - 17*v**4/24 - 29*v**3/6 - 28*v**2. Let m be w(-15). Is m - (-1329 + 15/(-5)) a prime number?
False
Suppose -3233 = 2*d + 697. Let f(r) = 4*r**2 - 2*r + 3006. Let j be f(0). Let z = d + j. Is z a prime number?
False
Suppose 40 = 3*x - b, 0 = -5*b - 12 - 8. Suppose x*o - 2012 = 4984. Suppose 3*c = 4*c - o. Is c prime?
False
Let b be (-14)/(-49) - 578/14. Let j = b + 41. Suppose -o + 5*o - 132 = j. Is o a prime number?
False
Suppose -96139 = -17*i + i + 129829. Is i prime?
False
Suppose -2173 + 6201 = 4*b. Suppose 2*l - 670 = -2*s, -2*l + 2*s - b = -5*l. Is l a prime number?
True
Suppose 0 = -5*l + 20, -5*l + 25 + 11 = 4*c. Is (((-18)/4)/(-9))/(c/24152) prime?
True
Suppose 364801 + 944171 = 12*x + 153204. Is x a prime number?
False
Let p(v) = 108*v + 8. Let f be p(-6). Let i(j) = -345*j - 2. Let l be i(1). Let s = l - f. Is s prime?
True
Suppose 594*r = 546*r - 26016. Let k(u) = 1808*u**3 + 2*u**2 - u. Let c be k(1). Let h = r + c. Is h a prime number?
False
Suppose -2*j + 556414 = -3*d - 24403, j - 4*d = 290391. Is j composite?
False
Suppose -c - 1585 = 2*i - 0*c, 2*c = 5*i + 3967. Let d = i - -1204. Is d composite?
True
Suppose -33*o - 2182299 = 11*o - 14492927. Is o a prime number?
False
Let a be -4*(-10)/8 - -674. Let c = a + 882. Is c a composite number?
True
Let m be (-8)/(-16) - (-68310)/4. Let h = m + -9461. Is h prime?
False
Let g = 154551 + -104068. Is g prime?
False
Suppose 12*w = 14*w - 51742. Is w composite?
True
Is -3234025*(2 + (8084/(-3870) - (-2)/(-18))) a prime number?
False
Suppose -6 = -3*d + 3, -d = -2*j - 9. Let v be 2888/4 + (-12)/j. Suppose -7*g + v = -g. Is g a composite number?
True
Let q = 186 + -289. Let v = q - -163. Suppose -2*b + 382 = -v. Is b a prime number?
False
Let y(h) = 840*h - 3691. Is y(71) a composite number?
False
Let r = 80984 + -45738. Is r a prime number?
False
Let u = -10 + 28. Suppose -w + o + 0*o = -5, -4*w = -2*o - u. Suppose 0 = w*b + 5 + 11, 6789 = 5*x + 4*b. Is x composite?
False
Let s(v) = v**2 - 7*v + 5. Let h be s(6). Let p(b) = 132*b - 604*b + 1 + 229*b - 1317*b. Is p(h) a prime number?
False
Suppose n + 3972 = -4*q, 5*q + 1181 = -4*n - 3784. Let x = q + 3230. Is x composite?
False
Suppose 25 = -5*r, n + 7*r + 17 = 2*r. Suppose 5*v + 5 = 0, -5 = c + v - n. Suppose -5*a = y - 496, 4*y - 2*a = -c*a + 1894. Is y prime?
False
Suppose 1270*w - 1265*w = 23445. Suppose -17 = -0*k + k + 5*y, 17 = 4*k + 3*y. Suppose k*f = -f + w. Is f composite?
False
Let n(o) = -17095*o - 2147. Is n(-15) a composite number?
True
Let m = -82726 - -207085. Is m prime?
False
Let p(h) be the first derivative of 1/3*h**3 - 14 + 821*h - 1/2*h**2. Is p(0) a prime number?
True
Let n be -5 - -7 - 17*4. Let b be 54/(-36) - 6/8*n. Suppose -a = -b - 73. Is a prime?
False
Let v = -28 - -28. Suppose v = g + o - 568 - 233, 4*o = 4*g - 3188. Is g a prime number?
False
Suppose 188*b = 184*b. Suppose -2*p - w + 2163 = 0, -5*p + w + 0*w + 5390 = b. Is p a prime number?
False
Let b(t) = 6*t**3 + 13*t**2 - 51*t + 43. Is b(17) prime?
True
Let i(r) = -5 + 2*r**2 + 0*r**3 + 0*r + 6*r + 6*r**3. Let z = 193 + -187. Is i(z) a composite number?
False
Let y be ((2 - (1 -